hat is 13 (base 16) in base 7?
25
What is 11 (base 4) in base 3?
12
What is 142 (base 6) in base 7?
116
What is 123 (base 5) in base 12?
32
Convert -19 (base 11) to base 10.
-20
What is 3 (base 16) in base 2?
11
What is 11 (base 2) in base 12?
3
2d (base 16) to base 5
140
Convert 4 (base 15) to base 16.
4
What is -9 (base 13) in base 14?
-9
What is 4a (base 16) in base 14?
54
3 (base 12) to base 10
3
Convert -3 (base 8) to base 5.
-3
What is -9 (base 11) in base 8?
-11
What is 1a (base 12) in base 11?
20
a8 (base 13) to base 10
138
1111 (base 2) to base 4
33
12 (base 15) to base 16
11
Convert -d3 (base 14) to base 4.
-2321
Convert 14 (base 7) to base 2.
1011
Convert 5 (base 16) to base 6.
5
Convert 30 (base 15) to base 2.
101101
-2 (base 10) to base 16
-2
Convert 2 (base 3) to base 13.
2
0 (base 9) to base 4
0
5 (base 9) to base 5
10
Convert -165 (base 10) to base 5.
-1130
Convert 11100101 (base 2) to base 9.
274
What is 5 (base 14) in base 3?
12
What is 23 (base 5) in base 4?
31
What is 6 (base 8) in base 13?
6
What is 24 (base 15) in base 6?
54
7d (base 14) to base 10
111
-73 (base 10) to base 14
-53
-4 (base 16) to base 15
-4
-145 (base 6) to base 2
-1000001
-47 (base 14) to base 7
-120
-40 (base 5) to base 8
-24
Convert 0 (base 7) to base 5.
0
What is -32 (base 6) in base 2?
-10100
Convert -3 (base 10) to base 12.
-3
What is -14 (base 5) in base 15?
-9
What is -29 (base 16) in base 11?
-38
What is 75 (base 13) in base 4?
1200
What is 20 (base 14) in base 12?
24
Convert -1 (base 4) to base 3.
-1
-5 (base 8) to base 14
-5
Convert 232 (base 9) to base 6.
515
-101111010 (base 2) to base 16
-17a
What is 0 (base 14) in base 6?
0
Convert 130 (base 6) to base 3.
2000
Convert 3 (base 11) to base 10.
3
Convert 31 (base 5) to base 8.
20
-6 (base 8) to base 10
-6
Convert 262 (base 7) to base 13.
ac
Convert -7 (base 15) to base 14.
-7
What is 2b (base 15) in base 5?
131
-13 (base 10) to base 8
-15
What is 16 (base 12) in base 5?
33
What is -2 (base 15) in base 5?
-2
0 (base 4) to base 14
0
What is 1000 (base 3) in base 4?
123
What is -10 (base 5) in base 16?
-5
-35 (base 8) to base 14
-21
1 (base 7) to base 2
1
Convert 3 (base 6) to base 8.
3
Convert 220 (base 11) to base 14.
14c
5 (base 9) to base 6
5
Convert 212 (base 3) to base 8.
27
What is a (base 15) in base 11?
a
5 (base 13) to base 10
5
Convert -41 (base 7) to base 11.
-27
What is 3 (base 9) in base 10?
3
What is -11001000 (base 2) in base 7?
-404
What is 0 (base 2) in base 16?
0
-1 (base 3) to base 7
-1
Convert -4 (base 6) to base 13.
-4
What is -1 (base 13) in base 15?
-1
What is -2 (base 3) in base 5?
-2
What is 1 (base 7) in base 8?
1
Convert 3 (base 4) to base 2.
11
What is -a (base 15) in base 7?
-13
37 (base 12) to base 8
53
Convert -39 (base 14) to base 2.
-110011
-1341 (base 6) to base 11
-298
What is 9 (base 13) in base 5?
14
-1011 (base 2) to base 15
-b
Convert 120 (base 3) to base 16.
f
What is 5 (base 7) in base 8?
5
Convert -38 (base 15) to base 11.
-49
14 (base 15) to base 4
103
Convert -39 (base 12) to base 10.
-45
Convert -a5 (base 16) to base 6.
-433
Convert -110 (base 2) to base 16.
-6
Convert -1 (base 12) to base 3.
-1
Convert 20 (base 6) to base 16.
c
What is -23 (base 7) in base 15?
-12
What is -253 (base 10) in base 4?
-3331
Convert -20 (base 3) to base 4.
-12
Convert 4 (base 15) to base 4.
10
Convert -334 (base 8) to base 9.
-264
What is -10011 (base 2) in base 7?
-25
Convert 0 (base 6) to base 11.
0
1001 (base 2) to base 14
9
Convert 11101 (base 2) to base 9.
32
-5 (base 7) to base 5
-10
What is -13 (base 4) in base 16?
-7
Convert 21 (base 4) to base 7.
12
Convert -7 (base 10) to base 11.
-7
What is 353 (base 9) in base 13?
195
Convert 41 (base 8) to base 14.
25
-a0 (base 13) to base 4
-2002
Convert 21 (base 4) to base 7.
12
What is -1 (base 9) in base 3?
-1
What is -1 (base 16) in base 12?
-1
What is -25 (base 11) in base 7?
-36
What is 3 (base 7) in base 3?
10
What is 56 (base 11) in base 7?
115
What is -66 (base 12) in base 13?
-60
4 (base 13) to base 8
4
1 (base 5) to base 4
1
10 (base 2) to base 14
2
Convert -1bc (base 13) to base 8.
-504
What is 100001 (base 2) in base 13?
27
What is -8 (base 13) in base 14?
-8
20 (base 9) to base 16
12
Convert -34 (base 6) to base 2.
-10110
Convert -100011 (base 3) to base 4.
-3313
4 (base 7) to base 8
4
Convert -4 (base 10) to base 15.
-4
2 (base 11) to base 15
2
What is -4 (base 14) in base 12?
-4
Convert 10 (base 2) to base 16.
2
-18 (base 15) to base 8
-27
Convert 14 (base 6) to base 3.
101
What is -1 (base 15) in base 4?
-1
1042 (base 5) to base 13
b4
Convert -6 (base 9) to base 2.
-110
Convert -3e (base 15) to base 16.
-3b
-4 (base 10) to base 8
-4
What is -100 (base 3) in base 7?
-12
23 (base 8) to base 9
21
3 (base 4) to base 14
3
What is -9 (base 12) in base 16?
-9
-14 (base 7) to base 15
-b
Convert 33 (base 7) to base 13.
1b
39 (base 13) to base 6
120
3 (base 4) to base 16
3
Convert 2 (base 4) to base 3.
2
-9 (base 14) to base 7
-12
Convert 105 (base 7) to base 6.
130
Convert 14 (base 13) to base 6.
25
Convert 63 (base 12) to base 16.
4b
Convert 3 (base 5) to base 16.
3
What is 3 (base 7) in base 14?
3
What is -36 (base 11) in base 3?
-1110
What is -40 (base 7) in base 16?
-1c
15 (base 8) to base 11
12
What is -38 (base 13) in base 16?
-2f
Convert -16 (base 9) to base 6.
-23
-11 (base 7) to base 2
-1000
What is 541 (base 7) in base 13?
181
-424 (base 6) to base 3
-12221
22 (base 9) to base 4
110
What is 25 (base 6) in base 5?
32
Convert 2 (base 16) to base 15.
2
What is -330 (base 5) in base 13?
-6c
Convert 1002 (base 3) to base 6.
45
Convert 1 (base 11) to base 13.
1
What is 2 (base 8) in base 9?
2
25 (base 15) to base 7
50
Convert -8 (base 9) to base 14.
-8
What is -13 (base 13) in base 15?
-11
6 (base 13) to base 5
11
-bc (base 13) to base 14
-b1
What is 0 (base 10) in base 3?
0
What is -112 (base 4) in base 15?
-17
What is -1c (base 13) in base 4?
-121
What is 0 (base 9) in base 11?
0
What is -6 (base 12) in base 11?
-6
-101 (base 2) to base 4
-11
Convert -5 (base 16) to base 10.
-5
What is -140 (base 9) in base 7?
-225
Convert -10 (base 2) to base 10.
-2
What is -113 (base 6) in base 5?
-140
-120 (base 3) to base 5
-30
What is 48 (base 12) in base 14?
40
Convert -221 (base 7) to base 15.
-78
25 (base 6) to base 2
10001
-101001 (base 2) to base 10
-41
0 (base 12) to base 16
0
Convert -203 (base 4) to base 3.
-1022
-238 (base 9) to base 14
-101
Convert 16 (base 10) to base 3.
121
What is 10 (base 5) in base 2?
101
What is -12 (base 7) in base 2?
-1001
What is 110 (base 3) in base 8?
14
-2 (base 13) to base 8
-2
Convert -3 (base 8) to base 6.
-3
2 (base 6) to base 11
2
What is 110 (base 4) in base 14?
16
What is 69 (base 11) in base 15?
50
Convert 1b6 (base 13) to base 8.
476
-1b (base 13) to base 2
-11000
What is 0 (base 7) in base 14?
0
19 (base 15) to base 11
22
Convert 10 (base 2) to base 15.
2
Convert 1 (base 14) to base 9.
1
12 (base 11) to base 13
10
93 (base 16) to base 15
9c
What is -125 (base 9) in base 7?
-206
Convert 5 (base 12) to base 16.
5
Convert 132 (base 6) to base 14.
40
Convert -19 (base 11) to base 7.
-26
Convert 6 (base 15) to base 13.
6
-3 (base 13) to base 6
-3
101 (base 2) to base 8
5
Convert 19 (base 11) to base 2.
10100
4 (base 13) to base 10
4
What is 13 (base 7) in base 12?
a
What is -9 (base 12) in base 6?
-13
What is -ab (base 14) in base 2?
-10010111
Convert 5 (base 13) to base 12.
5
-7 (base 8) to base 2
-111
Convert 605 (base 7) to base 3.
102002
-1125 (base 6) to base 12
-1a5
Convert -22 (base 6) to base 5.
-24
Convert 16 (base 7) to base 13.
10
What is -110 (base 3) in base 4?
-30
11 (base 6) to base 16
7
-321 (base 4) to base 12
-49
What is c (base 14) in base 6?
20
-2343 (base 5) to base 14
-1ac
Convert -1 (base 15) to base 4.
-1
1 (base 15) to base 13
1
-4 (base 13) to base 14
-4
What is -8 (base 14) in base 16?
-8
-1005 (base 7) to base 5
-2343
What is 12112 (base 3) in base 13?
b6
1a (base 15) to base 8
31
What is -6 (base 11) in base 4?
-12
What is 5 (base 16) in base 14?
5
What is -1 (base 8) in base 9?
-1
Convert 11 (base 12) to base 6.
21
Convert -43 (base 13) to base 8.
-67
-51 (base 7) to base 6
-100
What is -4 (base 14) in base 7?
-4
Convert -3b (base 12) to base 4.